059. Calculate the remainder when i is divided by 21.
16
Let y(l) = -l**2 + 5*l - 2. Let a be y(3). Let j(t) = t**2 + 5*t - 3. What is the remainder when j(-7) is divided by (a - 5*-2)/2?
4
Suppose 2*a - 114 = -q, -38*q + 34*q = -5*a - 508. Suppose 5*l = 3*c - 155 + 52, -185 = -5*c + 5*l. Calculate the remainder when q is divided by c.
40
Suppose -2*f + 5*n = f - 144, 218 = 5*f - n. What is the remainder when 127 is divided by f?
41
Let g(m) = 164*m - 37. What is the remainder when g(5) is divided by 98?
97
What is the remainder when 104 is divided by (-28 + 0)/4 - -30?
12
Let d(r) = -2*r**3 - 3*r**2 + 3*r + 4. Let l be d(-3). Suppose 5*b - l = 13. Calculate the remainder when b is divided by ((-1)/12*(-67 - -49))/((-1)/(-2)).
1
Let v(o) = o**2 - 6*o + 9. Let w(h) = -h + 3. Let m be w(-4). What is the remainder when (1/(-2))/(2/(-248)) is divided by v(m)?
14
Suppose 5*h + 21 + 364 = 0. Let k = 146 + h. Calculate the remainder when k is divided by 24.
21
Let o(l) be the third derivative of l**5/60 - l**3/6 - 5*l**2. Let n be (-8)/2 - -4 - -4. Calculate the remainder when 42 is divided by o(n).
12
Let x(q) = -q**2 - 12*q - 9. Let l be x(-12). Let z(u) = -u**3 - 9*u**2 + u + 9. Let a be z(l). What is the remainder when (-4)/16*a + 83 is divided by 17?
15
Let j be ((-16)/(-10))/(-2)*-15 + 3. Let g(m) = -m**3 + 15*m**2 - m + 28. Calculate the remainder when g(j) is divided by 9.
4
What is the remainder when 24 is divided by (-102)/(-12) + -8 - (-38)/4?
4
Suppose -q - 4*b + 48 = 0, -3*q - 5*b - 129 = -7*q. What is the remainder when q is divided by (-3 - (-28)/(-21))*(-3)/1?
10
Suppose 0 = 2*m - 6*t + 2*t - 66, 0 = -3*m - 3*t + 54. Let d = m + 1. What is the remainder when d is divided by 14?
10
Let g(m) = 4*m - 19. Let v be g(9). Suppose -14*z = -v*z + 141. Calculate the remainder when z is divided by 12.
11
Let g = -62 + 54. Calculate the remainder when (g/10)/(0 + (-3)/105) is divided by 8.
4
Let j(t) = t**2 - 23*t + 93. What is the remainder when j(23) is divided by 19?
17
Suppose -2*b + 4*h = -2, 4*b = 3*b - 3*h + 21. Suppose 0 = 6*c - 3*c. Suppose f - 4 - 11 = c. Calculate the remainder when f is divided by b.
6
Let o = 18 + -9. Let w = 18 + -7. Let h = w - -24. What is the remainder when h is divided by o?
8
Suppose 0 = 3*j + 2*x - 9, j - x + 6 = 4*j. Let l be 4 - 12/4 - (-10)/2. Let a = l - j. Calculate the remainder when a is divided by 4.
1
Suppose 0 = -29*h + 26*h + 15, 5*f - 2*h = 165. What is the remainder when 172 is divided by f?
32
Suppose -43 = -5*l - 13. Let g(z) = -6*z - 5. Calculate the remainder when g(-3) is divided by l.
1
Let n be 754/10 - -1 - 4/10. Suppose -n = -2*h - 2*h. What is the remainder when 55 is divided by h?
17
What is the remainder when (-81)/(-189) - (-1)/7*361 is divided by 5?
2
Let p(o) = o**3 - 2*o**2 + 5*o - 4. Suppose -5*g + 2 = -l, -4*l + 12*g + 24 = 8*g. Calculate the remainder when p(3) is divided by l.
4
Let m be 0/(-3 + (2 + 13)/3). Suppose z = 3*o - 2*o + 76, m = 5*o + 10. Calculate the remainder when z is divided by 11.
8
Suppose -28 = -11*d + 7*d. What is the remainder when 23 is divided by (-6)/5*(-35)/d?
5
Let h(c) = -c**3 - 6*c**2 - 3*c + 4. Let v = -2852 - -2938. What is the remainder when v is divided by h(-6)?
20
Let j = -15 + 19. Suppose 3*y = -h - 6 + 33, 3*h + j*y - 101 = 0. Let o = h + -17. Calculate the remainder when o is divided by 13.
9
Let u = -295 + 325. What is the remainder when 98 is divided by u?
8
Let j = 221 - 205. Calculate the remainder when 78 is divided by j.
14
Suppose 0 = 4*z - 4*m - 24, 2 = 5*z + 9*m - 7*m. Let y = 2 + 4. Suppose z*d = y*d - 20. Calculate the remainder when 13 is divided by d.
3
Suppose -4*w + 2*d + 126 = 0, -5*w + 144 = 16*d - 14*d. Calculate the remainder when 86 is divided by w.
26
Suppose -4*p + 2*g + 0*g = -60, -5*g = -5*p + 75. Let i = 10 + p. Calculate the remainder when i is divided by 10.
5
Let h = -21 + 30. Suppose 4*n + h = n. Calculate the remainder when 2 is divided by (-3 + 2)*(n + 1).
0
Suppose 5*u + 434 - 19 = 0. Let x = u - -142. Suppose -5*h = 5*t - 60, 0 = 4*t + 5*h - 47 - 1. Calculate the remainder when x is divided by t.
11
Suppose -2*d = d - 2568. Calculate the remainder when 169 is divided by (-1)/(-3 - (2 - d/172)).
40
Suppose 57 - 111 = 3*g. Suppose -u = z + 4 - 51, 3*u = 3*z - 141. Let b = g + z. Calculate the remainder when b is divided by 8.
5
Let m = -80 - -96. Suppose 5*s - m = 39. Calculate the remainder when 26 is divided by s.
4
Let w(n) = 10*n - 218. Calculate the remainder when 21 is divided by w(23).
9
Suppose -11*p + 8*p = -321. Suppose n + 1 = 0, -3*g + 27 = -2*n - p. What is the remainder when 86 is divided by g?
42
Suppose 0 = 4*z - 1 - 11. Let x be (-2)/1 + 0 + z. What is the remainder when 37 is divided by x/(3/27) - -1?
7
Suppose 0 = 69*z - 70*z + 3. Calculate the remainder when z is divided by 2.
1
Calculate the remainder when ((-140)/(-16)*10)/(13/26) is divided by 16.
15
Let j(r) be the third derivative of r**5/30 + r**4/4 - 11*r**3/6 - 5*r**2. What is the remainder when 49 is divided by j(-6)?
24
Suppose -5*s + 4*z = -0*z - 6, -z + 1 = 0. Suppose -s*d - i + 50 = 0, 5*d = i + i + 107. Calculate the remainder when 45 is divided by d.
22
Let w be (-291)/(-17) + (-2)/17. Suppose 8*q = 47 + w. Calculate the remainder when q is divided by 7.
1
Let m = 28 - 12. Suppose 0 = 7*z + 308 - 2205. Suppose 5*s + 36 = z. What is the remainder when s is divided by m?
15
Suppose 3*b - 75 = -2*b. Calculate the remainder when 88/33*783/36 is divided by b.
13
Suppose 5*r - 3 = 2. Let v = r + 56. Calculate the remainder when v is divided by 15.
12
Let w = 218 - 101. Suppose w = -0*k + 13*k. Calculate the remainder when k is divided by 3.
0
Let w = 4079 - 4060. Let u = 224 - 150. Calculate the remainder when u is divided by w.
17
Suppose -2*u + 4*u - 3*y = 499, -u - 2*y = -267. What is the remainder when u is divided by 43?
42
Suppose h - 467 = -432. Calculate the remainder when 85 is divided by h.
15
Let d = -55 - -96. Calculate the remainder when (-3)/5 + 1666/10 + -4 is divided by d.
39
Let m = 82 + -49. What is the remainder when m is divided by 9 + (-39 + 3)/(-4)?
15
Let h(f) = 12*f + 25. Calculate the remainder when h(5) is divided by 34.
17
Suppose 6*u - 2*u = 4*d + 136, 5*u - 170 = d. Let h(g) = g**2 + 4*g + 6. What is the remainder when u is divided by h(-6)?
16
What is the remainder when 45 is divided by 4*-1 - 735/(-105)?
0
Let f = 1224 + -305. Calculate the remainder when f is divided by 84.
79
Suppose -5*g + 15 = 0, 3*c - 165 = 9*g - 6*g. Calculate the remainder when 324 is divided by c.
34
Let b(v) = v**3 - 11*v**2 + 26*v + 16. Suppose -4*p - n = -497, 236 = 4*p - 2*p - 2*n. Calculate the remainder when p is divided by b(8).
27
What is the remainder when ((-66)/(-12)*-7)/(3/(-12)) is divided by 13?
11
Let f = 670 - 637. Calculate the remainder when f is divided by 18.
15
Suppose -26 = m - 90. Suppose -4*t + 66 = -2. What is the remainder when m is divided by t?
13
Suppose -15*l + 270 = -2580. What is the remainder when l is divided by 48?
46
Suppose -172 = -15*w + 83. Let d be (-3)/1 + 2 - -3. Suppose -6*y + d*y = m - 82, -3*y = -12. What is the remainder when m is divided by w?
15
Let h(s) = -2*s**3 + 28*s**2 + 2*s - 18. What is the remainder when 39 is divided by h(14)?
9
Calculate the remainder when 5 is divided by (1 + -7 - -2) + 7.
2
Suppose 5 - 10 = -3*m + 5*j, -3*j - 3 = -m. Suppose 74 = 4*q + 30. Calculate the remainder when (-2)/(-4)*(m + 64) is divided by q.
10
Suppose 3 - 35 = -2*p. Calculate the remainder when (8/(-48)*-6)/((-2)/(-40)) is divided by p.
4
Let u = -19 + 38. Suppose 4*r = -u + 115. Suppose z - 4*n = -z + 134, z + 2*n = 71. Calculate the remainder when z is divided by r.
21
Let m(q) = q + 2. Let l be m(3). Let c(n) = -2 + 7*n + l - 5 - 5. What is the remainder when 26 is divided by c(3)?
12
Let c = -19 - -35. Suppose g + 12*m + 10 = 9*m, g + 15 = -4*m. Suppose 5*q + 49 = 10*q + y, y = g*q - 41. What is the remainder when c is divided by q?
7
Let z(n) be the second derivative of n**4/6 - 11*n**3/6 + 6*n**2 - 19*n. What is the remainder when 65 is divided by z(7)?
32
Suppose 0 = -5*d + 260 - 10. Let q = -16 + d. Calculate the remainder when q is divided by 12.
10
Suppose 0 = -5*l - q + 23